= -3738 + 2416. List the prime factors of 2/13 - (v/26 - -2).
7
Let a = -19 + 14. Let o = 1 - a. List the prime factors of o.
2, 3
Let a(x) = -x + 27. Let o be a(14). Suppose -o*h = -9*h - 696. Suppose 6*l - 3*l - h = 0. List the prime factors of l.
2, 29
Suppose t + 21 = -2*t. Let v(b) = b - 1. Let f(i) = 6*i - 5. Let q(x) = -f(x) + 4*v(x). What are the prime factors of q(t)?
3, 5
Let o be 3*-1*33/(-3). Suppose -3*p = -11*p - 88. List the prime factors of o/p + (-60)/(-1).
3, 19
Let c(d) = -2*d**3 + 4*d**2 + 2*d + 84. Let r(j) = j**3 - 3*j**2 - j - 83. Let q(h) = -3*c(h) - 4*r(h). What are the prime factors of q(0)?
2, 5
Let i = 2 - 18. Let w(s) = -2*s - 22. What are the prime factors of w(i)?
2, 5
Suppose -3*c + 2*f - 2 = 0, 4*c - 3*f + 2 + 2 = 0. Suppose 0*i + 5*u = 2*i + 66, 33 = -i + c*u. List the prime factors of (-2)/((-27)/i + -1).
11
Suppose -392 - 143 = -5*s. Let j = s - 101. List the prime factors of j.
2, 3
Suppose 2*y + p - 5004 = -3*y, -2003 = -2*y + p. List the prime factors of y.
7, 11, 13
What are the prime factors of 3946/5 - (-49)/(-245)?
3, 263
Suppose -i = -2*z - 2*i + 58, -5*z + 145 = -2*i. Suppose -3*c = -13 - z. Suppose 8*t - c = 7*t. What are the prime factors of t?
2, 7
Let r be ((-72)/(-42) - 2)*(0 + -7). Suppose -r*y + 5*y - 195 = 0. What are the prime factors of y?
5, 13
Let h(b) = 1021*b**2 - 14*b - 12. List the prime factors of h(-1).
3, 11, 31
Suppose 37*c - 27*c - 1740 = 0. What are the prime factors of c?
2, 3, 29
Let n = 389 + 267. List the prime factors of n.
2, 41
Let s(x) = 26*x**2 - 4*x + 12. List the prime factors of s(-6).
2, 3
Let n(m) = m**3 + 6*m**2 + 5*m + 5. Let h = 1 - 6. Let a be n(h). Suppose r - a*r - 5*p = -166, 4*r = -4*p + 168. What are the prime factors of r?
2, 11
Let l be 2/10 + (-12090)/(-50). Suppose 4*v + 134 = 2*f, -3*f - 5*v + l = f. List the prime factors of f.
3, 7
Let v(f) = -f - 10. Let a be v(-14). Suppose -3*n = -3*w + n + 27, -a*w - 5*n + 67 = 0. Let l(r) = r + 18. What are the prime factors of l(w)?
31
List the prime factors of ((-1472880)/(-18))/17 - 1/3.
4813
Let h(w) = -26*w**3 + w**2 + 4*w + 7. List the prime factors of h(-2).
211
Let y(v) be the second derivative of 67*v**3/6 - 27*v**2/2 + 43*v. What are the prime factors of y(4)?
241
Suppose -4*z + 2*g = -225 - 135, 4*g = -2*z + 170. What are the prime factors of z?
89
Let v(m) = -47*m + 57. Let l be v(7). Let n = l + 421. What are the prime factors of n?
149
Suppose -5*q + 4446 = -4*o - 4946, -2*q = -3*o - 3754. What are the prime factors of q?
2, 5, 47
Suppose -91*d = -88*d - 1185. What are the prime factors of d?
5, 79
List the prime factors of 4/((-32)/(-29434)) + 8/(-32).
13, 283
Let j be 4 + 7/((-28)/(-24)). Suppose j*y = 2*n + 5*y - 449, 3*n - 669 = 3*y. What are the prime factors of n?
2, 3, 37
Suppose s + 3072 = 9*s. Suppose 0 = -3*d - 5*h + 288, -2*d + 5*h = 2*d - s. What are the prime factors of d?
2, 3
Let o(i) = i**3 + 2*i**2. Let z be (-6)/9*(7 + -4). Let s be o(z). Suppose s = -0*l + 2*l - 44. What are the prime factors of l?
2, 11
Suppose -13 = -2*i - 5. Suppose -i*m + 38 + 2 = 0. What are the prime factors of m?
2, 5
Let j be (-1)/2 + 5/2. Let p(n) = 7*n - 6*n**3 + 9 + 2*n**3 - 5*n**j - 2*n**2 + 3*n**3. What are the prime factors of p(-8)?
17
Suppose 0 = -6*h + 11*h. Suppose -2*j + 0*j - k = h, 5*j - k = 7. List the prime factors of (j + -4)/((-2)/34).
3, 17
Suppose 0 = 5*j - 13 - 17. Suppose 6*n = -j*n + 1632. What are the prime factors of n?
2, 17
Let n = -15 + 36. Let o = n - 15. Suppose -3*r - 2*g - o = -2*r, 26 = 4*r - 2*g. List the prime factors of r.
2
Let o = 54 + 459. Let j = o + -342. List the prime factors of j.
3, 19
Let g(i) = i**3 - 7*i**2 - i + 6. Let y be g(7). Let r be 0 + y - (5 + 73). Let x = -51 - r. List the prime factors of x.
2, 7
Let f be ((-1)/(-3))/(1/6). Suppose t - f = -4. Let a = t - -10. What are the prime factors of a?
2
Let m be 157/7 - 60/(-105). Let i = m - 23. Suppose -3*a + z + 61 = i, -5*z - 53 = 2*a - 5*a. List the prime factors of a.
3, 7
Suppose i = -t - 0*t + 114, -341 = -3*t - 4*i. Suppose -4*f = -3*f - t. Suppose -4*q + f = -117. List the prime factors of q.
2, 29
Suppose -3355 - 1421 = -12*r. What are the prime factors of r?
2, 199
Suppose 6*x - x - 30 = 0. Suppose -x*j - 45 = -j. Let c = 21 - j. List the prime factors of c.
2, 3, 5
Let x be (1 - 6/3) + (-9)/(-3). Suppose -60 = -u + x*i + 16, -3*u - 4*i = -208. What are the prime factors of u?
2, 3
Let a = -92 + 181. List the prime factors of a.
89
Let y be -1 + 2/((-8)/(-12)). Let p be 5 - (0 + 2/y). Suppose 88 = p*c - 0*c. List the prime factors of c.
2, 11
Suppose -4 = y - 3*z, 5*z = -5*y - 0*z - 20. Let n be 1 - (-1 - 0/(-2)). What are the prime factors of (y/12)/(n/(-66))?
11
Let w(a) = a**3 + 12*a**2 + 12*a + 15. Let u be w(-11). What are the prime factors of 1240/(-12)*(-6)/u?
5, 31
Let n(k) = -35*k + 5. Let t(u) = u**3 + 7*u**2 + u + 3. Let w be t(-7). List the prime factors of n(w).
5, 29
Let u(b) = 4*b**2 + 7*b - 10. Let c be (-4)/(-18) + (780/27)/5. List the prime factors of u(c).
2, 11
Suppose 11302 + 18420 = 11*a. What are the prime factors of a?
2, 7, 193
Let f(x) = 2*x**2 - 19*x - 4. Let y be f(10). Suppose -84 - 126 = -y*r. List the prime factors of r.
5, 7
Suppose -5*i - 5*h + 780 = 0, -2*i + 4*h + 302 = -34. List the prime factors of i.
2, 5
What are the prime factors of (-10982)/(-85)*(-1 + 6)?
2, 17, 19
Suppose -4*m + 190 = 714. Let h = m - -239. What are the prime factors of h?
2, 3
Let h(c) = -5*c**3 - 13*c**2 - 7*c - 8. List the prime factors of h(-6).
2, 17, 19
Suppose 2*o = 3 + 19. Let h(t) = -t**2 + 19*t + 1. List the prime factors of h(o).
89
Let o(z) = -72*z + 73. List the prime factors of o(-3).
17
Suppose 9*h - 8*h - 378 = 0. List the prime factors of h.
2, 3, 7
Let u = -37 - -46. Suppose c = 2*i + 41, -4*c - u*i = -4*i - 229. List the prime factors of c.
3, 17
List the prime factors of 0 + (-110)/11 + 3069.
7, 19, 23
Let y(d) = 2*d + 10. Let b be y(-3). Suppose u - 183 = -4*k + 3*k, 0 = -b*u + 2*k + 714. What are the prime factors of u?
2, 3, 5
Let q = -322 + 644. Suppose 0 = -17*d + 15*d + q. List the prime factors of d.
7, 23
Let z(d) = -39*d - 21*d - 9*d**2 + 73*d + d**3. Let k be z(10). Suppose m + 4*m = 5*f - k, -203 = -5*f - 4*m. List the prime factors of f.
43
Let k = 70 + -98. Let a = -13 - k. What are the prime factors of a?
3, 5
Let y = -1416 + 4271. List the prime factors of y.
5, 571
What are the prime factors of (-6)/4*(-58882)/177?
499
Let v(g) = 2*g**3 - 11*g**2 + 21*g - 41. Let u(s) = s**3 - 6*s**2 + 10*s - 21. Let d(x) = -13*u(x) + 6*v(x). What are the prime factors of d(9)?
2, 3, 13
Suppose 73 = -3*h + 10. List the prime factors of h*-14*5/30.
7
Suppose -2*c = -4*a - 4698, 0*c - 2*a = -2*c + 4690. What are the prime factors of c?
2341
Suppose -4*b - 164 = 4*j - 8*b, 3*j - b + 127 = 0. Let n = 89 + j. List the prime factors of n.
2, 23
Suppose 2*c = 10*c + 240. List the prime factors of 705/(-2)*c/45.
5, 47
Suppose 4*r = -16, f - r + 11 = 4*f. Suppose 4*k - 55 = -5*u, 0*u = u - f*k - 40. Suppose 3 = w + 3*p, 2*w = -0*w + 3*p + u. List the prime factors of w.
2, 3
Let u = 447 - -347. List the prime factors of u.
2, 397
Suppose 3*l = 2*l - 6. Let m be (-3 + 5)*(-129)/l. Let i = 75 - m. What are the prime factors of i?
2
Suppose 0 = 73*l - 26*l - 82344. What are the prime factors of l?
2, 3, 73
Let p(r) = 3*r**2 + r. Let q be p(-1). Suppose t = 2*a + 3*a + 21, t + q*a = -7. List the prime factors of (t + 3 - 2) + 19.
3, 7
Let w(c) = 41*c + 103. List the prime factors of w(23).
2, 523
Let r = -1811 - -3043. What are the prime factors of r?
2, 7, 11
Suppose i - 659 = 2*x, -6*i + 3*x = -7*i + 664. List the prime factors of i.
661
Let j(k) = 3*k - 76. Let y be j(27). Suppose -167 = -2*r + l, r = y*l + 47 + 14. List the prime factors of r.
2, 43
What are the prime factors of (-30240)/(-196) + 2/(-7)?
2, 7, 11
Suppose -259*o = -264*o + 765. List the prime factors of o.
3, 17
Let y be -10*(-1)/(-2) - -281. Suppose y = 12*c - 684. What are the prime factors of c?
2, 5
Suppose 4*t + 32 = -2*k, 0 = 3*k - 7*k - 5*t - 58. Let d(w) = -w**2 - 23*w - 24. What are the prime factors of d(k)?
2, 3
Let j(f) be the second derivative of f**5/20 - 5*f**3/3 + 6*f**2 + 7*f. List the p